{"id":1187,"date":"2018-01-10T11:57:16","date_gmt":"2018-01-10T16:57:16","guid":{"rendered":"https:\/\/wordpress.clarku.edu\/guerguerianarchive\/?page_id=1187"},"modified":"2018-09-13T14:53:28","modified_gmt":"2018-09-13T18:53:28","slug":"contact-us","status":"publish","type":"page","link":"https:\/\/wordpress.test.clarku.edu\/guerguerianarchive\/contact-us\/","title":{"rendered":"Contact"},"content":{"rendered":"<p>Our page is still in the editing process; there are many shortcomings. We will continue to put in the English translation of the Ottoman Documents as they are completed. We apologize for the incompleteness. Please contact us regarding any shortcomings or mistakes.<\/p>\n<p><em>To learn more about the project, please contact us:<\/em><\/p>\n<div class=\"divbreaksmall\" style=\"float: right;margin: 0px 20px 0px 20px;text-align: center;font-size: 11pt\">\n<p><span class=\"hidden-rule-line\">White Clark Logo<\/span><\/p>\n<hr class=\"hidden-rule-line\" style=\"border-top: 3px solid red\">\n<p><img loading=\"lazy\" decoding=\"async\" class=\"wp-image-1905 aligncenter\" src=\"https:\/\/wordpress.test.clarku.edu\/wp-content\/uploads\/sites\/517\/2018\/01\/Clark-Seal-White-150x150.png\" alt=\"\" width=\"200\" height=\"200\" srcset=\"https:\/\/wordpress.test.clarku.edu\/guerguerianarchive\/wp-content\/uploads\/sites\/517\/2018\/01\/Clark-Seal-White-150x150.png 150w, https:\/\/wordpress.test.clarku.edu\/guerguerianarchive\/wp-content\/uploads\/sites\/517\/2018\/01\/Clark-Seal-White-300x300.png 300w, https:\/\/wordpress.test.clarku.edu\/guerguerianarchive\/wp-content\/uploads\/sites\/517\/2018\/01\/Clark-Seal-White.png 494w\" sizes=\"auto, (max-width: 200px) 100vw, 200px\" \/><\/p>\n<hr class=\"hidden-rule-line\" style=\"border-top: 3px solid red\">\n<\/div>\n<p><strong>Prof. Taner Ak\u00e7am<\/strong><br \/>\nemail:&nbsp;takcam@clarku.edu<\/p>\n<p><strong>Anna Aleksanyan<\/strong><br \/>\nemail:&nbsp;AAleksanyan@clarku.edu<\/p>\n<p><strong>Bur\u00e7in Ger\u00e7ek \u00d6zg\u00fcr<\/strong><br \/>\nemail: bgercek@clarku.edu&nbsp;<br \/>\n&nbsp;<br \/>\n<strong>Ani Ohanian<\/strong><br \/>\nemail:&nbsp;aohanian@clarku.edu<\/p>\n","protected":false},"excerpt":{"rendered":"<p>Our page is still in the editing process; there are many shortcomings. We will continue to put in the English translation of the Ottoman Documents as they are completed. We &hellip; <a href=\"https:\/\/wordpress.test.clarku.edu\/guerguerianarchive\/contact-us\/\" class=\"more-link\">Continue reading <span class=\"screen-reader-text\">Contact<\/span><\/a><\/p>\n","protected":false},"author":894,"featured_media":0,"parent":0,"menu_order":0,"comment_status":"closed","ping_status":"closed","template":"","meta":{"ngg_post_thumbnail":0,"footnotes":""},"class_list":["post-1187","page","type-page","status-publish","hentry"],"_links":{"self":[{"href":"https:\/\/wordpress.test.clarku.edu\/guerguerianarchive\/wp-json\/wp\/v2\/pages\/1187","targetHints":{"allow":["GET"]}}],"collection":[{"href":"https:\/\/wordpress.test.clarku.edu\/guerguerianarchive\/wp-json\/wp\/v2\/pages"}],"about":[{"href":"https:\/\/wordpress.test.clarku.edu\/guerguerianarchive\/wp-json\/wp\/v2\/types\/page"}],"author":[{"embeddable":true,"href":"https:\/\/wordpress.test.clarku.edu\/guerguerianarchive\/wp-json\/wp\/v2\/users\/894"}],"replies":[{"embeddable":true,"href":"https:\/\/wordpress.test.clarku.edu\/guerguerianarchive\/wp-json\/wp\/v2\/comments?post=1187"}],"version-history":[{"count":13,"href":"https:\/\/wordpress.test.clarku.edu\/guerguerianarchive\/wp-json\/wp\/v2\/pages\/1187\/revisions"}],"predecessor-version":[{"id":2730,"href":"https:\/\/wordpress.test.clarku.edu\/guerguerianarchive\/wp-json\/wp\/v2\/pages\/1187\/revisions\/2730"}],"wp:attachment":[{"href":"https:\/\/wordpress.test.clarku.edu\/guerguerianarchive\/wp-json\/wp\/v2\/media?parent=1187"}],"curies":[{"name":"wp","href":"https:\/\/api.w.org\/{rel}","templated":true}]}}